 f be -4 - ((-6)/(-3))/(-1). Let u(c) be the second derivative of c**3/6 + 2*c**2 + 2*c. What is u(f)?
2
Suppose -b - 5*o + o = 14, 4*b + 12 = -5*o. Let r(h) = 5*h**3 - 6*h**2 + 3*h + 3. Let g(q) = 6*q**3 - 7*q**2 + 4*q + 4. Let p(l) = 4*g(l) - 5*r(l). Give p(b).
3
Let x(n) = 10*n**3 - 13*n**2 + 14*n + 3. Let y(o) = 3*o**3 - 5*o**2 + 5*o + 1. Let b(a) = 3*x(a) - 8*y(a). Calculate b(-1).
-6
Let g(p) = -p**3 + p**2 - p - 7. Suppose 0 = i - 2 + 1. Suppose 0 = a - i - 2. Suppose -a*s + s = -3*l, 0 = -4*l + s. What is g(l)?
-7
Let v(p) = p**2 - 3*p + 2. Suppose -11 + 2 = -u. Let y be (-2 + -2)*u/(-12). Give v(y).
2
Let d(k) be the first derivative of 2*k**3/3 + 5*k**2/2 - k + 33. Determine d(-4).
11
Let l(q) = -4*q**3 + 6*q**2 - 9*q - 8. Suppose 0 = -4*r + r + 18. Let k(w) = 5*w**3 - 5*w**2 + 8*w + 7. Let z(g) = r*l(g) + 7*k(g). Calculate z(-1).
-11
Let y(i) be the third derivative of 0*i - 1/4*i**4 + 0 + i**2 + 1/120*i**6 + 1/6*i**3 - 1/12*i**5. Calculate y(6).
1
Suppose 0 = -7*t + 9 + 26. Let i(f) = 3*f**3 + 5*f**2 - 2*f + 2. Let z(m) = -7*m**3 - 10*m**2 + 5*m - 5. Let k(b) = -9*i(b) - 4*z(b). Calculate k(t).
-8
Let u = -8 - -6. Let f be (u - -1)/(3 + -4). Let g(z) = -6*z**3 + 1. Calculate g(f).
-5
Let z(f) = 4*f. Let b(k) = 3*k. Let u(c) = 3*b(c) - 2*z(c). Let l be (-1)/5 - (-95)/(-25). Let v = l + 5. What is u(v)?
1
Let p(t) = 22*t - 1 - 4*t**3 + 3*t**3 + 3*t**2 - 37*t + 20*t. Determine p(4).
3
Let m(t) = -t + 491 + 0*t - 490. Calculate m(4).
-3
Let u(b) = b**2 + 4*b + 3. Suppose 8*m + 15 - 111 = 0. Let z(q) = q**3 - 14 - 13*q**2 + 8 - 9 + 13*q. Let w be z(m). What is u(w)?
0
Let p(s) be the first derivative of -2*s**3/3 - 5*s**2/2 - 2*s + 2. Let h = 0 - -1. Let z = -2 - h. What is p(z)?
-5
Let f(k) = k - 5. Let i(u) = u - 1. Let r(w) = -f(w) + 6*i(w). Determine r(2).
9
Let r(g) = 2*g**2 + g - 4. Let w(j) = -j**3 + 9*j**2 + j - 6. Let f be w(9). What is r(f)?
17
Suppose 2 = 3*t - 4. Suppose -2*f + t*z = 4*z, 25 = -5*z. Let i(j) = -3*j + f*j - j - 3. What is i(0)?
-3
Let d(w) be the third derivative of 1/12*w**4 - 2*w**2 + 0*w + 1/15*w**5 - 1/120*w**6 + 0 + 5/6*w**3. What is d(4)?
13
Let t(z) = -3*z - 2. Suppose 0 = 3*q - 0 - 3. Let f = 3 - q. Suppose 3*h - f*h + k = 0, 2*h = 3*k - 15. Calculate t(h).
7
Let i(s) = -9 - s - s + 0*s + 4*s. Give i(8).
7
Let d(f) = -f**2 + f - 2. Let p = 32 - 14. Let o be -3*(-3)/p*4. Calculate d(o).
-4
Let b be 2/(-8) + (-104)/(-32). Let j(h) = -h**2 + 5*h - 4. Calculate j(b).
2
Let x(s) = s**2. Let r be ((-2)/8)/((-8)/32). What is x(r)?
1
Let j(h) be the second derivative of -5*h**3/6 + h**2/2 + 20*h. Calculate j(-1).
6
Let c(n) be the first derivative of -n**4/4 - 7*n**3/3 - 3*n**2/2 + 2*n + 121. Suppose -o + 4*a = -10, -2*o + 6*o + 36 = -3*a. Give c(o).
-16
Let a(x) = x**2 - 3*x - 3. Suppose 0 = -17*q + 20*q + 6. Determine a(q).
7
Let c = -64 - -61. Let v(p) = p - 2. Calculate v(c).
-5
Let q(f) = f - 12. Let r(k) = k. Let w be 0 - 0 - 1 - -6. Let y be r(w). Calculate q(y).
-7
Let y(j) = 1 - 2 - j**2 + 0*j + j**3 - j - 3. Give y(0).
-4
Let k(d) be the first derivative of -1 - 3/2*d**2 + d + 1/3*d**3. Give k(4).
5
Let o(i) = -1 - 3*i + 0*i + 2. Let u(l) = -5*l - 2. Let w(s) = -s - 1. Let n(x) = u(x) - 3*w(x). Let z be n(1). Determine o(z).
4
Suppose -2*u + 8 = 0, 0*u + 21 = 5*v + 4*u. Let o(g) = 1 - 2*g + 2 - 2 - 6*g**2. What is o(v)?
-7
Let l(s) = s**3 + 6*s**2 - 4. Suppose 2*n - 2*u + 18 = 0, -3*n - 2*u - 1 = 11. Let c be n + (0/1)/(-1). Calculate l(c).
-4
Let c(n) = -4*n**2 - n - 5. Let h(v) = -v**3 + v - 1. Let j(o) = -c(o) + h(o). Calculate j(4).
12
Let k(y) = y**2 + 4*y**3 - 4 + 8*y - 5*y**3 + 2 - 7*y. Give k(2).
-4
Let u(c) = 5*c + 3. Let r(b) = 6*b + 4. Let s(j) = -2*r(j) + 3*u(j). Suppose 5*p = -3*i - 5, 0*p + 5*p + 10 = -4*i. Determine s(p).
7
Let r(b) = b - 1. Suppose 0 = 4*i - 3*o + 36, 0*o = 3*i + 2*o + 10. Let z(c) = -5*c + 5. Let y(m) = i*r(m) - z(m). Give y(-4).
5
Let p(j) = -j**3 + 13*j**2 - 13*j + 6. Let t be 1/3 + (-70)/(-6). Calculate p(t).
-6
Let j(k) be the first derivative of -1 + 2*k - 1/2*k**2. Determine j(2).
0
Let h = 4 - 6. Let b = 4 + h. Let x(s) = -s - 7 + 2*s - s**3 + 6*s**b - 3*s. What is x(5)?
8
Let n(k) = 2*k**2. Let y(s) = s**2 + s - 1. Let j(z) = -2*n(z) + 3*y(z). Give j(4).
-7
Let x = 20 + -16. Let r(n) be the third derivative of -1/30*n**5 - 5*n**2 - 1/6*n**x + 0*n - 1/2*n**3 + 0. Give r(-2).
-3
Let p(l) = l**2 - 6*l + 3. Suppose 2*b - 24 = -b. Let g = -4 + b. What is p(g)?
-5
Let d(p) = -p**2 - 1. Let n(c) = -6*c**2 + 2*c + 5. Let i(b) = -6*d(b) - n(b). Give i(1).
11
Let z be -5*(-1 + -2)/3. Let o(w) = -w - 6 + 2 + 4 - 2. Calculate o(z).
-7
Let w = -16 + 16. Let b(a) = a**3 + a + 5. Calculate b(w).
5
Let t(s) = s**3 + 3*s**2 + 13. Let j be t(-4). Let o(h) = -h - 4. Calculate o(j).
-1
Let f(l) = -l**3 - 2*l**2 + 4*l + 4. Let u be (30/75)/((-2)/20). Determine f(u).
20
Let z(a) = -4*a**3 - 26*a**2 - 4 + 18*a**2 + 5*a**3 - 8*a. Determine z(9).
5
Suppose 35 = 6*k + 47. Let l(s) be the first derivative of s**6/180 + s**5/30 + s**4/8 + 2*s**3/3 + 2. Let c(w) be the third derivative of l(w). Determine c(k).
3
Let t be 3*2*(-1)/(-2). Let l be 1/t*0 + 0. Let x(v) = -4 + v + 0*v + l. Give x(-3).
-7
Suppose -2*o = 3*i - 10, 2*o = -5*i - 2*o + 18. Let m(t) = 9*t**2 - 8*t**2 + i*t - 1 - 2. Let y be m(-3). Let u(r) = r**2 - r. Determine u(y).
0
Let i(r) be the second derivative of -r**5/24 + r**4/24 - r**3/6 - 2*r. Let w(u) be the second derivative of i(u). Determine w(2).
-9
Let j(k) be the third derivative of -k**5/60 + k**4/6 + 5*k**3/6 + 15*k**2. Determine j(4).
5
Let o(a) = -4*a + 92. Let y(k) = -k + 31. Let z(b) = 3*o(b) - 8*y(b). Let v(l) = 3*l - 19. Let h(t) = -7*v(t) - 5*z(t). Give h(-4).
-3
Let k = 5 + -10. Let h(a) = -a**2 - 3*a + 5. Let m be h(k). Let x(i) = -1 - 6*i - i**2 + 0*i**2 + 0*i**2. Calculate x(m).
4
Let j be 8 - 2/3*6. Let q(p) = -p**3 + 3*p**2 + 3*p + 3. Give q(j).
-1
Let n(s) be the second derivative of s**5/20 + s**4/6 - 5*s**3/6 - s**2 - 3*s. Determine n(-3).
4
Let g(n) be the second derivative of -n**5/20 + n**4/4 + n**3/2 + 2*n**2 + 6*n. Suppose h - 2 = 2. Give g(h).
0
Let z(g) be the second derivative of g**4/12 - 5*g**3/6 + 5*g**2/2 + 6*g + 17. Let h(m) = m**2 - 3*m - 4. Let w be h(5). Determine z(w).
11
Suppose 3*p - 3 = 9. Suppose p*f + 4*j = 3*j - 12, -4*j = 3*f + 9. Let u(g) be the third derivative of g**6/120 + g**5/20 + g**4/12 + 3*g**2. Calculate u(f).
-6
Let d = 5 - 3. Suppose d*c - 2 = 6. Let q(x) = -x + 5. Give q(c).
1
Let q(j) = j + 0*j**2 + 5*j**2 + j**2. Let m = 14 - 9. Let o(n) = n - 6. Let r be o(m). Calculate q(r).
5
Let a be (-8)/5 - 18/45. Let z be (4/a)/(14 + -16). Let n(y) = -7*y + 1. Determine n(z).
-6
Let h(z) = -5*z + 5*z - z**2 + 0*z**2 + 6 + 5*z. Determine h(6).
0
Let l be (-4)/(-18) + (-4)/18. Let c(a) be the first derivative of a**6/120 - a**3 + 5*a**2/2 + 2. Let b(j) be the second derivative of c(j). What is b(l)?
-6
Let x(w) = -w**2 + w. Let m(t) = -t**2 + 4*t - 1. Let o(f) = m(f) - 2*x(f). Let i(g) be the first derivative of o(g). What is i(-4)?
-6
Let i = 8 + -10. Let z(h) = -2*h - 4. Let k be z(i). Let f(c) = c**2 - c. What is f(k)?
0
Let x(p) = -3*p + 3. Suppose 9 = 3*g - 4*d, 0*g = -2*g - 4*d + 6. Let j be x(g). Let l = 1 + j. Let h(m) = -m**2 - 4*m + 2. Give h(l).
-3
Let p = 1 + 3. Suppose 0 = -h - 4*h + 5. Let x(u) = -h - u**2 - 1 + 6*u - 2. Determine x(p).
4
Suppose 4*t + 3*g = 16, 5*g - 20 = -0*g. Let c(d) = d - 21. Let q(a) = a - 18. Let x(j) = 6*c(j) - 7*q(j). Give x(t).
-1
Let a(s) = 6*s**3 - 11*s**2 + 2*s - 7. Let b(m) = -7*m**3 + 12*m**2 - m + 7. Let c(k) = 6*a(k) + 5*b(k). Let v be (-208)/(-48) - 2/(-3). Give c(v).
3
Let m(b) = -2*b**3 + 3*b**2 + 5*b**3 + 0*b**3 + 2 + b. Determine m(-2).
-12
Let r(l) = 4*l + 8. Let d(j) = -5*j - 8. Let g(h) = -3*d(h) - 4*r(h). Give g(-6).
-2
Let z be -6 + (-22)/(-8) + 1/4. Let k(s) = -s**3 - 3*s**2 - s - 3. What is k(z)?
0
Suppose -4*u + 5 = -3*t - 4, -4*t = -20. Let k = u + -2. Let y(h) be the first derivative of h**2/2 - 7*h - 2. Determine y(k).
-3
Let v(x) be the third derivative of -x**4/6 - x**3/2 - 9*x**2 - 1. Give v(-2).
5
Let o(v) = -v + 2. Let x(n) = 7*n**3 - n**2 + n - 1. Let f be x(1). Suppose -f = -5*k + 4. Calculate o(k).
0
Let j(r) = r**2 - r + 12. Let y be j(0). S